emainder when 72 is divided by 40.
32
What is the remainder when 2069 is divided by 7?
4
Calculate the remainder when 1500 is divided by 495.
15
What is the remainder when 2038 is divided by 1013?
12
Calculate the remainder when 1748 is divided by 1681.
67
Calculate the remainder when 626 is divided by 185.
71
Calculate the remainder when 1114 is divided by 17.
9
What is the remainder when 1241 is divided by 277?
133
Calculate the remainder when 92 is divided by 9.
2
Calculate the remainder when 65 is divided by 57.
8
Calculate the remainder when 1283 is divided by 14.
9
Calculate the remainder when 147 is divided by 42.
21
What is the remainder when 16935 is divided by 394?
387
What is the remainder when 1044 is divided by 55?
54
What is the remainder when 162 is divided by 69?
24
Calculate the remainder when 288 is divided by 63.
36
Calculate the remainder when 1313 is divided by 94.
91
What is the remainder when 1538 is divided by 739?
60
Calculate the remainder when 196 is divided by 74.
48
Calculate the remainder when 285 is divided by 68.
13
What is the remainder when 840 is divided by 141?
135
Calculate the remainder when 759 is divided by 63.
3
What is the remainder when 717 is divided by 16?
13
What is the remainder when 102 is divided by 53?
49
Calculate the remainder when 940 is divided by 51.
22
What is the remainder when 7862 is divided by 138?
134
What is the remainder when 78 is divided by 10?
8
Calculate the remainder when 8199 is divided by 20.
19
Calculate the remainder when 8549 is divided by 50.
49
What is the remainder when 270 is divided by 183?
87
Calculate the remainder when 656 is divided by 96.
80
What is the remainder when 50 is divided by 20?
10
Calculate the remainder when 13 is divided by 7.
6
What is the remainder when 1229 is divided by 44?
41
Calculate the remainder when 84 is divided by 54.
30
What is the remainder when 515 is divided by 37?
34
Calculate the remainder when 3793 is divided by 15.
13
Calculate the remainder when 2882 is divided by 131.
0
Calculate the remainder when 69 is divided by 25.
19
Calculate the remainder when 4266 is divided by 22.
20
What is the remainder when 284 is divided by 137?
10
What is the remainder when 3536 is divided by 322?
316
Calculate the remainder when 556 is divided by 8.
4
Calculate the remainder when 153 is divided by 83.
70
What is the remainder when 379 is divided by 320?
59
What is the remainder when 2228 is divided by 92?
20
What is the remainder when 401 is divided by 67?
66
What is the remainder when 15 is divided by 3?
0
What is the remainder when 102 is divided by 61?
41
Calculate the remainder when 101 is divided by 33.
2
Calculate the remainder when 29 is divided by 16.
13
What is the remainder when 1016 is divided by 504?
8
What is the remainder when 655 is divided by 107?
13
Calculate the remainder when 8510 is divided by 43.
39
Calculate the remainder when 3952 is divided by 52.
0
What is the remainder when 777 is divided by 26?
23
Calculate the remainder when 109 is divided by 22.
21
What is the remainder when 12862 is divided by 155?
152
What is the remainder when 1378 is divided by 29?
15
What is the remainder when 8313 is divided by 463?
442
Calculate the remainder when 730 is divided by 12.
10
Calculate the remainder when 210 is divided by 27.
21
Calculate the remainder when 9279 is divided by 78.
75
Calculate the remainder when 36 is divided by 24.
12
What is the remainder when 583 is divided by 43?
24
What is the remainder when 1483 is divided by 28?
27
What is the remainder when 3477 is divided by 24?
21
What is the remainder when 4140 is divided by 1033?
8
Calculate the remainder when 429 is divided by 16.
13
Calculate the remainder when 1233 is divided by 10.
3
What is the remainder when 1806 is divided by 91?
77
What is the remainder when 3147 is divided by 126?
123
Calculate the remainder when 5398 is divided by 300.
298
Calculate the remainder when 233 is divided by 18.
17
What is the remainder when 264 is divided by 14?
12
What is the remainder when 234 is divided by 58?
2
Calculate the remainder when 108 is divided by 59.
49
Calculate the remainder when 101 is divided by 34.
33
What is the remainder when 10990 is divided by 57?
46
Calculate the remainder when 332 is divided by 48.
44
What is the remainder when 4285 is divided by 8?
5
Calculate the remainder when 1690 is divided by 89.
88
Calculate the remainder when 2786 is divided by 308.
14
Calculate the remainder when 49 is divided by 11.
5
Calculate the remainder when 143 is divided by 39.
26
What is the remainder when 12704 is divided by 6?
2
What is the remainder when 9 is divided by 2?
1
Calculate the remainder when 105 is divided by 8.
1
What is the remainder when 54 is divided by 8?
6
What is the remainder when 472 is divided by 169?
134
Calculate the remainder when 8414 is divided by 46.
42
What is the remainder when 3015 is divided by 116?
115
Calculate the remainder when 1381 is divided by 26.
3
Calculate the remainder when 98 is divided by 9.
8
What is the remainder when 449 is divided by 19?
12
Calculate the remainder when 7895 is divided by 168.
167
What is the remainder when 538 is divided by 529?
9
What is the remainder when 47470 is divided by 16?
14
What is the remainder when 108 is divided by 49?
10
What is the remainder when 149 is divided by 2?
1
What is the remainder when 260 is divided by 31?
12
Calculate the remainder when 140 is divided by 48.
44
What is the remainder when 91 is divided by 33?
25
What is the remainder when 1235 is divided by 208?
195
What is the remainder when 349 is divided by 132?
85
What is the remainder when 485 is divided by 14?
9
Calculate the remainder when 4994 is divided by 45.
44
What is the remainder when 68 is divided by 13?
3
Calculate the remainder when 5757 is divided by 9.
6
Calculate the remainder when 195 is divided by 36.
15
Calculate the remainder when 91 is divided by 10.
1
What is the remainder when 408 is divided by 111?
75
What is the remainder when 75 is divided by 19?
18
What is the remainder when 217 is divided by 13?
9
What is the remainder when 293 is divided by 77?
62
What is the remainder when 2476 is divided by 247?
6
What is the remainder when 267 is divided by 68?
63
Calculate the remainder when 167 is divided by 70.
27
What is the remainder when 1033 is divided by 149?
139
Calculate the remainder when 11 is divided by 11.
0
What is the remainder when 4030 is divided by 21?
19
Calculate the remainder when 1825 is divided by 29.
27
What is the remainder when 258 is divided by 52?
50
Calculate the remainder when 185 is divided by 47.
44
Calculate the remainder when 698 is divided by 19.
14
What is the remainder when 52 is divided by 7?
3
Calculate the remainder when 343 is divided by 17.
3
What is the remainder when 1000 is divided by 31?
8
Calculate the remainder when 415 is divided by 12.
7
Calculate the remainder when 4190 is divided by 175.
165
What is the remainder when 370 is divided by 6?
4
What is the remainder when 788 is divided by 22?
18
Calculate the remainder when 64 is divided by 36.
28
What is the remainder when 127 is divided by 21?
1
What is the remainder when 146 is divided by 52?
42
What is the remainder when 46 is divided by 20?
6
What is the remainder when 262 is divided by 5?
2
What is the remainder when 394 is divided by 144?
106
What is the remainder when 64 is divided by 34?
30
What is the remainder when 39 is divided by 7?
4
What is the remainder when 3928 is divided by 30?
28
What is the remainder when 393 is divided by 130?
3
Calculate the remainder when 36 is divided by 27.
9
Calculate the remainder when 5771 is divided by 13.
12
What is the remainder when 2 is divided by 2?
0
What is the remainder when 195 is divided by 114?
81
What is the remainder when 269 is divided by 65?
9
What is the remainder when 277 is divided by 28?
25
What is the remainder when 679 is divided by 20?
19
Calculate the remainder when 1602 is divided by 264.
18
Calculate the remainder when 2228 is divided by 36.
32
What is the remainder when 339 is divided by 5?
4
What is the remainder when 327 is divided by 47?
45
Calculate the remainder when 3562 is divided by 27.
25
Calculate the remainder when 1144 is di